{"id":9029,"date":"2024-04-17T19:33:10","date_gmt":"2024-04-17T17:33:10","guid":{"rendered":"https:\/\/villa-gran.hu\/?page_id=9029"},"modified":"2024-09-16T17:30:18","modified_gmt":"2024-09-16T15:30:18","slug":"parkolasi-informaciok","status":"publish","type":"page","link":"https:\/\/villa-gran.hu\/de\/parkolasi-informaciok\/","title":{"rendered":"Informationen zum Parken"},"content":{"rendered":"<div data-elementor-type=\"wp-page\" data-elementor-id=\"9029\" class=\"elementor elementor-9029\" data-elementor-settings=\"{&quot;ha_cmc_init_switcher&quot;:&quot;no&quot;}\" data-elementor-post-type=\"page\">\n\t\t\t\t\t\t<section class=\"elementor-section elementor-top-section elementor-element elementor-element-3566d77 elementor-section-stretched elementor-section-boxed elementor-section-height-default elementor-section-height-default\" data-id=\"3566d77\" data-element_type=\"section\" data-e-type=\"section\" data-settings=\"{&quot;stretch_section&quot;:&quot;section-stretched&quot;,&quot;_ha_eqh_enable&quot;:false}\">\n\t\t\t\t\t\t<div class=\"elementor-container elementor-column-gap-default\">\n\t\t\t\t\t<div class=\"elementor-column elementor-col-100 elementor-top-column elementor-element elementor-element-fe542d3\" data-id=\"fe542d3\" data-element_type=\"column\" data-e-type=\"column\">\n\t\t\t<div class=\"elementor-widget-wrap elementor-element-populated\">\n\t\t\t\t\t\t<div class=\"elementor-element elementor-element-2146af45 elementor-widget__width-initial elementor-widget elementor-widget-heading\" data-id=\"2146af45\" data-element_type=\"widget\" data-e-type=\"widget\" data-widget_type=\"heading.default\">\n\t\t\t\t<div class=\"elementor-widget-container\">\n\t\t\t\t\t<h3 class=\"elementor-heading-title elementor-size-default\">Informationen zum Parken<\/h3>\t\t\t\t<\/div>\n\t\t\t\t<\/div>\n\t\t\t\t\t<\/div>\n\t\t<\/div>\n\t\t\t\t\t<\/div>\n\t\t<\/section>\n\t\t\t\t<section class=\"elementor-section elementor-top-section elementor-element elementor-element-3609aab elementor-section-stretched elementor-section-boxed elementor-section-height-default elementor-section-height-default\" data-id=\"3609aab\" data-element_type=\"section\" data-e-type=\"section\" data-settings=\"{&quot;stretch_section&quot;:&quot;section-stretched&quot;,&quot;_ha_eqh_enable&quot;:false}\">\n\t\t\t\t\t\t<div class=\"elementor-container elementor-column-gap-default\">\n\t\t\t\t\t<div class=\"elementor-column elementor-col-100 elementor-top-column elementor-element elementor-element-facdf74\" data-id=\"facdf74\" data-element_type=\"column\" data-e-type=\"column\">\n\t\t\t<div class=\"elementor-widget-wrap elementor-element-populated\">\n\t\t\t\t\t\t<div data-ha-element-link=\"{&quot;url&quot;:&quot;https:\\\/\\\/maps.app.goo.gl\\\/2fbBwxK8dchpot9w9&quot;,&quot;is_external&quot;:&quot;&quot;,&quot;nofollow&quot;:&quot;&quot;}\" style=\"cursor: pointer\" class=\"elementor-element elementor-element-69d0a34 elementor-widget__width-initial elementor-widget elementor-widget-heading\" data-id=\"69d0a34\" data-element_type=\"widget\" data-e-type=\"widget\" data-widget_type=\"heading.default\">\n\t\t\t\t<div class=\"elementor-widget-container\">\n\t\t\t\t\t<h3 class=\"elementor-heading-title elementor-size-default\">Karte - klicken<\/h3>\t\t\t\t<\/div>\n\t\t\t\t<\/div>\n\t\t\t\t\t<\/div>\n\t\t<\/div>\n\t\t\t\t\t<\/div>\n\t\t<\/section>\n\t\t\t\t<section class=\"elementor-section elementor-top-section elementor-element elementor-element-77dcdad8 elementor-section-content-middle elementor-section-stretched elementor-section-boxed elementor-section-height-default elementor-section-height-default\" data-id=\"77dcdad8\" data-element_type=\"section\" data-e-type=\"section\" data-settings=\"{&quot;stretch_section&quot;:&quot;section-stretched&quot;,&quot;background_background&quot;:&quot;classic&quot;,&quot;_ha_eqh_enable&quot;:false}\">\n\t\t\t\t\t\t<div class=\"elementor-container elementor-column-gap-default\">\n\t\t\t\t\t<div class=\"elementor-column elementor-col-50 elementor-top-column elementor-element elementor-element-682b5078 elementor-invisible\" data-id=\"682b5078\" data-element_type=\"column\" data-e-type=\"column\" data-settings=\"{&quot;animation&quot;:&quot;fadeInLeft&quot;}\">\n\t\t\t<div class=\"elementor-widget-wrap elementor-element-populated\">\n\t\t\t\t\t\t<div class=\"elementor-element elementor-element-e45c578 elementor-widget elementor-widget-image\" data-id=\"e45c578\" data-element_type=\"widget\" data-e-type=\"widget\" data-widget_type=\"image.default\">\n\t\t\t\t<div class=\"elementor-widget-container\">\n\t\t\t\t\t\t\t\t\t\t\t\t\t\t\t<img decoding=\"async\" src=\"\" title=\"\" alt=\"\u00e1rv\u00edz\" loading=\"lazy\" \/>\t\t\t\t\t\t\t\t\t\t\t\t\t\t\t<\/div>\n\t\t\t\t<\/div>\n\t\t\t\t<div class=\"elementor-element elementor-element-da84801 elementor-widget elementor-widget-text-editor\" data-id=\"da84801\" data-element_type=\"widget\" data-e-type=\"widget\" data-widget_type=\"text-editor.default\">\n\t\t\t\t<div class=\"elementor-widget-container\">\n\t\t\t\t\t\t\t\t\t<p>Viele Leute sind an Parkm\u00f6glichkeiten interessiert. Da sich die Pension in einem mittelalterlichen Teil der Stadt befindet, grenzt sie auf der einen Seite an eine schmale Stra\u00dfe und auf der anderen Seite an einen Park. Wir mieten den n\u00e4chstgelegenen kostenlosen Parkplatz f\u00fcr die Bequemlichkeit unserer G\u00e4ste.<\/p><p>\u00a0<\/p><p><strong>Dieser Bereich befindet sich links vom Haupteingang, 210 Meter nach dem Restaurant Rose Garden. Sie k\u00f6nnen am Eingang der Villa parken, bis Sie Ihr Gep\u00e4ck ausladen, danach fahren Sie bitte zu unserem auf der Karte markierten Parkplatz.<\/strong><\/p><p>\u00a0<\/p><p>GPS-Koordinaten: 47.800876, 18.734049<\/p><p>\u00a0<\/p><p>Auf der Karte: <a href=\"https:\/\/maps.app.goo.gl\/2fbBwxK8dchpot9w9\">maps.app.goo.gl<\/a><br \/><br \/>Die Villa befindet sich in einer Drive-Through-Zone, und die G\u00e4ste d\u00fcrfen durchfahren.<\/p><p>In unmittelbarer N\u00e4he des Geb\u00e4udes befindet sich eine geb\u00fchrenpflichtige Parkzone. Wenn Sie Ihr Auto hier abstellen, vergessen Sie nicht, in der Zone 1255 zu parken. Die Geb\u00fchr daf\u00fcr betr\u00e4gt 500 HUF\/Stunde von Montag bis Samstag von 8 bis 19 Uhr und von 13 bis 19 Uhr an Sonntagen, oder 2 000 HUF\/Tag.<\/p><p>Wir danken Ihnen f\u00fcr Ihr Verst\u00e4ndnis und Ihre Mitarbeit!<\/p>\t\t\t\t\t\t\t\t<\/div>\n\t\t\t\t<\/div>\n\t\t\t\t\t<\/div>\n\t\t<\/div>\n\t\t\t\t<div class=\"elementor-column elementor-col-50 elementor-top-column elementor-element elementor-element-1278c43d elementor-invisible\" data-id=\"1278c43d\" data-element_type=\"column\" data-e-type=\"column\" data-settings=\"{&quot;animation&quot;:&quot;fadeInRight&quot;}\">\n\t\t\t<div class=\"elementor-widget-wrap elementor-element-populated\">\n\t\t\t\t\t\t<div class=\"elementor-element elementor-element-98af99f elementor-widget__width-initial elementor-widget elementor-widget-image\" data-id=\"98af99f\" data-element_type=\"widget\" data-e-type=\"widget\" data-widget_type=\"image.default\">\n\t\t\t\t<div class=\"elementor-widget-container\">\n\t\t\t\t\t\t\t\t\t\t\t\t\t\t\t<img fetchpriority=\"high\" decoding=\"async\" width=\"1024\" height=\"1024\" src=\"https:\/\/villa-gran.hu\/wp-content\/uploads\/2024\/04\/Villa-Gran-Parkolas-2024-001-1024x1024.jpg\" class=\"attachment-large size-large wp-image-9047\" alt=\"\" srcset=\"https:\/\/villa-gran.hu\/wp-content\/uploads\/2024\/04\/Villa-Gran-Parkolas-2024-001-1024x1024.jpg 1024w, https:\/\/villa-gran.hu\/wp-content\/uploads\/2024\/04\/Villa-Gran-Parkolas-2024-001-300x300.jpg 300w, https:\/\/villa-gran.hu\/wp-content\/uploads\/2024\/04\/Villa-Gran-Parkolas-2024-001-150x150.jpg 150w, https:\/\/villa-gran.hu\/wp-content\/uploads\/2024\/04\/Villa-Gran-Parkolas-2024-001-768x768.jpg 768w, https:\/\/villa-gran.hu\/wp-content\/uploads\/2024\/04\/Villa-Gran-Parkolas-2024-001-12x12.jpg 12w, https:\/\/villa-gran.hu\/wp-content\/uploads\/2024\/04\/Villa-Gran-Parkolas-2024-001.jpg 1080w\" sizes=\"(max-width: 1024px) 100vw, 1024px\" \/>\t\t\t\t\t\t\t\t\t\t\t\t\t\t\t<\/div>\n\t\t\t\t<\/div>\n\t\t\t\t<div class=\"elementor-element elementor-element-8097015 elementor-widget__width-initial elementor-widget elementor-widget-image\" data-id=\"8097015\" data-element_type=\"widget\" data-e-type=\"widget\" data-widget_type=\"image.default\">\n\t\t\t\t<div class=\"elementor-widget-container\">\n\t\t\t\t\t\t\t\t\t\t\t\t\t\t\t<img decoding=\"async\" width=\"1024\" height=\"1024\" src=\"https:\/\/villa-gran.hu\/wp-content\/uploads\/2024\/04\/Villa-Gran-Parkolas-2024-002-1024x1024.jpg\" class=\"attachment-large size-large wp-image-9048\" alt=\"\" srcset=\"https:\/\/villa-gran.hu\/wp-content\/uploads\/2024\/04\/Villa-Gran-Parkolas-2024-002-1024x1024.jpg 1024w, https:\/\/villa-gran.hu\/wp-content\/uploads\/2024\/04\/Villa-Gran-Parkolas-2024-002-300x300.jpg 300w, https:\/\/villa-gran.hu\/wp-content\/uploads\/2024\/04\/Villa-Gran-Parkolas-2024-002-150x150.jpg 150w, https:\/\/villa-gran.hu\/wp-content\/uploads\/2024\/04\/Villa-Gran-Parkolas-2024-002-768x768.jpg 768w, https:\/\/villa-gran.hu\/wp-content\/uploads\/2024\/04\/Villa-Gran-Parkolas-2024-002-12x12.jpg 12w, https:\/\/villa-gran.hu\/wp-content\/uploads\/2024\/04\/Villa-Gran-Parkolas-2024-002.jpg 1080w\" sizes=\"(max-width: 1024px) 100vw, 1024px\" \/>\t\t\t\t\t\t\t\t\t\t\t\t\t\t\t<\/div>\n\t\t\t\t<\/div>\n\t\t\t\t\t<\/div>\n\t\t<\/div>\n\t\t\t\t\t<\/div>\n\t\t<\/section>\n\t\t\t\t<\/div>","protected":false},"excerpt":{"rendered":"<p>Parkplatz-Informationskarte - anklicken Viele G\u00e4ste fragen nach den Parkm\u00f6glichkeiten. Da sich die Pension in einem mittelalterlichen Teil der Stadt befindet, grenzt sie auf der einen Seite an eine schmale Stra\u00dfe und auf der anderen Seite an einen Park. Wir mieten den n\u00e4chstgelegenen kostenlosen Parkplatz f\u00fcr unsere G\u00e4ste.   Dieser Parkplatz befindet sich links vom Haupteingang, 210 Meter nach dem Restaurant Rose Garden. Die Villa [...]<\/p>","protected":false},"author":1,"featured_media":0,"parent":0,"menu_order":0,"comment_status":"closed","ping_status":"closed","template":"","meta":{"footnotes":""},"class_list":["post-9029","page","type-page","status-publish","hentry"],"_links":{"self":[{"href":"https:\/\/villa-gran.hu\/de\/wp-json\/wp\/v2\/pages\/9029","targetHints":{"allow":["GET"]}}],"collection":[{"href":"https:\/\/villa-gran.hu\/de\/wp-json\/wp\/v2\/pages"}],"about":[{"href":"https:\/\/villa-gran.hu\/de\/wp-json\/wp\/v2\/types\/page"}],"author":[{"embeddable":true,"href":"https:\/\/villa-gran.hu\/de\/wp-json\/wp\/v2\/users\/1"}],"replies":[{"embeddable":true,"href":"https:\/\/villa-gran.hu\/de\/wp-json\/wp\/v2\/comments?post=9029"}],"version-history":[{"count":0,"href":"https:\/\/villa-gran.hu\/de\/wp-json\/wp\/v2\/pages\/9029\/revisions"}],"wp:attachment":[{"href":"https:\/\/villa-gran.hu\/de\/wp-json\/wp\/v2\/media?parent=9029"}],"curies":[{"name":"wp","href":"https:\/\/api.w.org\/{rel}","templated":true}]}}

<div data-elementor-type="wp-page" data-elementor-id="9029" class="elementor elementor-9029" data-elementor-settings="{&quot;ha_cmc_init_switcher&quot;:&quot;no&quot;}" data-elementor-post-type="page">
						<section class="elementor-section elementor-top-section elementor-element elementor-element-3566d77 elementor-section-stretched elementor-section-boxed elementor-section-height-default elementor-section-height-default" data-id="3566d77" data-element_type="section" data-e-type="section" data-settings="{&quot;stretch_section&quot;:&quot;section-stretched&quot;,&quot;_ha_eqh_enable&quot;:false}">
						<div class="elementor-container elementor-column-gap-default">
					<div class="elementor-column elementor-col-100 elementor-top-column elementor-element elementor-element-fe542d3" data-id="fe542d3" data-element_type="column" data-e-type="column">
			<div class="elementor-widget-wrap elementor-element-populated">
						<div class="elementor-element elementor-element-2146af45 elementor-widget__width-initial elementor-widget elementor-widget-heading" data-id="2146af45" data-element_type="widget" data-e-type="widget" data-widget_type="heading.default">
				<div class="elementor-widget-container">
					<h3 class="elementor-heading-title elementor-size-default">Informationen zum Parken</h3>				</div>
				</div>
					</div>
		</div>
					</div>
		</section>
				<section class="elementor-section elementor-top-section elementor-element elementor-element-3609aab elementor-section-stretched elementor-section-boxed elementor-section-height-default elementor-section-height-default" data-id="3609aab" data-element_type="section" data-e-type="section" data-settings="{&quot;stretch_section&quot;:&quot;section-stretched&quot;,&quot;_ha_eqh_enable&quot;:false}">
						<div class="elementor-container elementor-column-gap-default">
					<div class="elementor-column elementor-col-100 elementor-top-column elementor-element elementor-element-facdf74" data-id="facdf74" data-element_type="column" data-e-type="column">
			<div class="elementor-widget-wrap elementor-element-populated">
						<div data-ha-element-link="{&quot;url&quot;:&quot;https:\/\/maps.app.goo.gl\/2fbBwxK8dchpot9w9&quot;,&quot;is_external&quot;:&quot;&quot;,&quot;nofollow&quot;:&quot;&quot;}" style="cursor: pointer" class="elementor-element elementor-element-69d0a34 elementor-widget__width-initial elementor-widget elementor-widget-heading" data-id="69d0a34" data-element_type="widget" data-e-type="widget" data-widget_type="heading.default">
				<div class="elementor-widget-container">
					<h3 class="elementor-heading-title elementor-size-default">Karte - klicken</h3>				</div>
				</div>
					</div>
		</div>
					</div>
		</section>
				<section class="elementor-section elementor-top-section elementor-element elementor-element-77dcdad8 elementor-section-content-middle elementor-section-stretched elementor-section-boxed elementor-section-height-default elementor-section-height-default" data-id="77dcdad8" data-element_type="section" data-e-type="section" data-settings="{&quot;stretch_section&quot;:&quot;section-stretched&quot;,&quot;background_background&quot;:&quot;classic&quot;,&quot;_ha_eqh_enable&quot;:false}">
						<div class="elementor-container elementor-column-gap-default">
					<div class="elementor-column elementor-col-50 elementor-top-column elementor-element elementor-element-682b5078 elementor-invisible" data-id="682b5078" data-element_type="column" data-e-type="column" data-settings="{&quot;animation&quot;:&quot;fadeInLeft&quot;}">
			<div class="elementor-widget-wrap elementor-element-populated">
						<div class="elementor-element elementor-element-e45c578 elementor-widget elementor-widget-image" data-id="e45c578" data-element_type="widget" data-e-type="widget" data-widget_type="image.default">
				<div class="elementor-widget-container">
															<img decoding="async" src="" title="" alt="árvíz" loading="lazy" />															</div>
				</div>
				<div class="elementor-element elementor-element-da84801 elementor-widget elementor-widget-text-editor" data-id="da84801" data-element_type="widget" data-e-type="widget" data-widget_type="text-editor.default">
				<div class="elementor-widget-container">
									<p>Viele Leute sind an Parkmöglichkeiten interessiert. Da sich die Pension in einem mittelalterlichen Teil der Stadt befindet, grenzt sie auf der einen Seite an eine schmale Straße und auf der anderen Seite an einen Park. Wir mieten den nächstgelegenen kostenlosen Parkplatz für die Bequemlichkeit unserer Gäste.</p><p> </p><p><strong>Dieser Bereich befindet sich links vom Haupteingang, 210 Meter nach dem Restaurant Rose Garden. Sie können am Eingang der Villa parken, bis Sie Ihr Gepäck ausladen, danach fahren Sie bitte zu unserem auf der Karte markierten Parkplatz.</strong></p><p> </p><p>GPS-Koordinaten: 47.800876, 18.734049</p><p> </p><p>Auf der Karte: <a href="https://maps.app.goo.gl/2fbBwxK8dchpot9w9">maps.app.goo.gl</a><br /><br />Die Villa befindet sich in einer Drive-Through-Zone, und die Gäste dürfen durchfahren.</p><p>In unmittelbarer Nähe des Gebäudes befindet sich eine gebührenpflichtige Parkzone. Wenn Sie Ihr Auto hier abstellen, vergessen Sie nicht, in der Zone 1255 zu parken. Die Gebühr dafür beträgt 500 HUF/Stunde von Montag bis Samstag von 8 bis 19 Uhr und von 13 bis 19 Uhr an Sonntagen, oder 2 000 HUF/Tag.</p><p>Wir danken Ihnen für Ihr Verständnis und Ihre Mitarbeit!</p>								</div>
				</div>
					</div>
		</div>
				<div class="elementor-column elementor-col-50 elementor-top-column elementor-element elementor-element-1278c43d elementor-invisible" data-id="1278c43d" data-element_type="column" data-e-type="column" data-settings="{&quot;animation&quot;:&quot;fadeInRight&quot;}">
			<div class="elementor-widget-wrap elementor-element-populated">
						<div class="elementor-element elementor-element-98af99f elementor-widget__width-initial elementor-widget elementor-widget-image" data-id="98af99f" data-element_type="widget" data-e-type="widget" data-widget_type="image.default">
				<div class="elementor-widget-container">
															<img fetchpriority="high" decoding="async" width="1024" height="1024" src="https://villa-gran.hu/wp-content/uploads/2024/04/Villa-Gran-Parkolas-2024-001-1024x1024.jpg" class="attachment-large size-large wp-image-9047" alt="" srcset="https://villa-gran.hu/wp-content/uploads/2024/04/Villa-Gran-Parkolas-2024-001-1024x1024.jpg 1024w, https://villa-gran.hu/wp-content/uploads/2024/04/Villa-Gran-Parkolas-2024-001-300x300.jpg 300w, https://villa-gran.hu/wp-content/uploads/2024/04/Villa-Gran-Parkolas-2024-001-150x150.jpg 150w, https://villa-gran.hu/wp-content/uploads/2024/04/Villa-Gran-Parkolas-2024-001-768x768.jpg 768w, https://villa-gran.hu/wp-content/uploads/2024/04/Villa-Gran-Parkolas-2024-001-12x12.jpg 12w, https://villa-gran.hu/wp-content/uploads/2024/04/Villa-Gran-Parkolas-2024-001.jpg 1080w" sizes="(max-width: 1024px) 100vw, 1024px" />															</div>
				</div>
				<div class="elementor-element elementor-element-8097015 elementor-widget__width-initial elementor-widget elementor-widget-image" data-id="8097015" data-element_type="widget" data-e-type="widget" data-widget_type="image.default">
				<div class="elementor-widget-container">
															<img decoding="async" width="1024" height="1024" src="https://villa-gran.hu/wp-content/uploads/2024/04/Villa-Gran-Parkolas-2024-002-1024x1024.jpg" class="attachment-large size-large wp-image-9048" alt="" srcset="https://villa-gran.hu/wp-content/uploads/2024/04/Villa-Gran-Parkolas-2024-002-1024x1024.jpg 1024w, https://villa-gran.hu/wp-content/uploads/2024/04/Villa-Gran-Parkolas-2024-002-300x300.jpg 300w, https://villa-gran.hu/wp-content/uploads/2024/04/Villa-Gran-Parkolas-2024-002-150x150.jpg 150w, https://villa-gran.hu/wp-content/uploads/2024/04/Villa-Gran-Parkolas-2024-002-768x768.jpg 768w, https://villa-gran.hu/wp-content/uploads/2024/04/Villa-Gran-Parkolas-2024-002-12x12.jpg 12w, https://villa-gran.hu/wp-content/uploads/2024/04/Villa-Gran-Parkolas-2024-002.jpg 1080w" sizes="(max-width: 1024px) 100vw, 1024px" />															</div>
				</div>
					</div>
		</div>
					</div>
		</section>
				</div>

<p>Parkplatz-Informationskarte - anklicken Viele Gäste fragen nach den Parkmöglichkeiten. Da sich die Pension in einem mittelalterlichen Teil der Stadt befindet, grenzt sie auf der einen Seite an eine schmale Straße und auf der anderen Seite an einen Park. Wir mieten den nächstgelegenen kostenlosen Parkplatz für unsere Gäste.   Dieser Parkplatz befindet sich links vom Haupteingang, 210 Meter nach dem Restaurant Rose Garden. Die Villa [...]</p>
